s 11 a factor of n?
True
Suppose 2*y = 6*y - 8. Suppose w - y*w = -5. Does 5 divide w?
True
Let x(h) = -h**2 + 9*h + 5. Let o be x(9). Suppose 0 = k - o*k + 52. Is 13 a factor of k?
True
Let u(f) = 3*f + 2 - 4*f**2 + 1 - f**3 + 2*f**3 - f. Is u(4) a multiple of 3?
False
Let y(s) = 3*s**2 - s. Let u be y(1). Suppose -4*m + u*m = -24. Does 6 divide m?
True
Let f(q) = q + 4. Let k be f(-4). Suppose -g + 26 = -3*n, k = 5*g + n - 3*n - 156. Does 16 divide g?
True
Suppose 0 = -4*w - 3*m + 21, 5*w - 2*w - 5*m = -6. Let p = w + -8. Let o = p - -8. Does 3 divide o?
True
Let c = 6 - 1. Let d(j) = -j**3 + 7*j**2 + 7*j - 3. Let y be d(c). Suppose -4*r = -n - y - 45, 0 = 3*r + n - 104. Is 13 a factor of r?
False
Let n be 21/(9/120*4). Is 2 a factor of 1/3 - n/(-15)?
False
Let t = -4 + -1. Let z = t + 7. Is (-292)/(-6) - z/3 a multiple of 15?
False
Let z be 32/12*(-33)/(-2). Suppose -z = -9*f + 8*f. Does 11 divide f?
True
Does 2 divide (-68)/(-7) + (-2)/(-7)?
True
Let s(o) = 35*o + 4. Is s(4) a multiple of 42?
False
Let y = 3 - -1. Suppose 0 = -j + y. Is 3 a factor of j?
False
Suppose -s = -3*w + 51, 5*w + 4*s = 34 + 34. Suppose 0 = 2*z - 80 - w. Is 12 a factor of z?
True
Let w(d) = d**2 - 8*d + 9. Let x be w(7). Let a = x + 4. Does 7 divide (-6)/((-10)/a - -1)?
False
Suppose 1278 = -4*r + 13*r. Is 30 a factor of r?
False
Let d = 2 - 5. Let g(k) = -k + 2. Does 5 divide g(d)?
True
Suppose 0 = 2*m - 4*m. Suppose 0*k - 4*k - 24 = m. Is 15 a factor of 25*7/((-35)/k)?
True
Let m = 19 - 9. Suppose -x + 0*x - m = 0. Let p = 30 + x. Is p a multiple of 10?
True
Suppose -f + 91 = -4*y, -3*y + 5*f - f = 65. Let o = -9 - y. Let l = 23 - o. Does 8 divide l?
False
Let w(x) = 15*x. Let a(y) = -y + 7. Let n be a(6). Is 8 a factor of w(n)?
False
Let r be -5 + 5 - 2/(-2). Suppose 2*o - 17 = r. Is 4 a factor of o?
False
Let w be (-22)/6 - 1/3. Let n(v) = -3*v + 2. Is n(w) a multiple of 14?
True
Let c(x) = 13*x**3 - 2*x**2 + x. Let p be c(1). Suppose 72 = -9*w + p*w. Is w a multiple of 12?
True
Let a(y) = y**3 + 3*y**2 - 4*y + 2. Let x be a(-4). Let f be x + ((-2)/(-1) - 0). Suppose f*s = -3*q + 86, -q + 0*s - 3*s + 27 = 0. Does 15 divide q?
True
Suppose -210 - 172 = -2*o. Suppose 2*a - o = m, 5*a - 2*m - 482 = 2*m. Does 28 divide a?
False
Let p(d) = -27*d + 5. Does 16 divide p(-2)?
False
Let z = -10 - -25. Let v = 34 - z. Is 19 a factor of v?
True
Let x(s) = 2*s + 1. Let u be x(1). Let o(z) = -1. Let p(c) = c**2 + 3. Let j(b) = 6*o(b) + p(b). Is j(u) a multiple of 6?
True
Let b = -3 - -21. Suppose -l + 3*l + b = 0. Let h = 14 + l. Does 5 divide h?
True
Let g(o) = -o**3 - 7*o**2 + 7*o + 12. Let j be 3/(36/8)*-12. Is g(j) a multiple of 20?
True
Let u = 16 + 48. Does 32 divide u?
True
Let b = 146 + 19. Is 20 a factor of b?
False
Suppose -o - 256 = -5*o. Is 4 a factor of o?
True
Suppose 4*v = 3*v + 2. Let b(r) = 15*r - 3. Is 23 a factor of b(v)?
False
Let h be (-4)/(-10)*(-25)/(-5). Let n(l) = l**2 - 2. Let p be n(h). Suppose -72 = -4*t + p*t. Does 18 divide t?
True
Suppose 4 = -3*r + 2*o, -r - o + 4*o = 6. Let p(i) = i - 2. Let v be p(4). Suppose n - v*n + 30 = r. Does 10 divide n?
True
Let s(d) = -d**3 - 3*d**2 + 6*d + 18. Is s(-6) a multiple of 14?
False
Let h(j) = 2*j**2 + j. Let m be h(1). Suppose l + 2*l = 2*a + 7, 5*l - 37 = -m*a. Is l a multiple of 3?
False
Suppose 0 = 3*t + 4*s - 4, -s = -5*t - 0*s + 22. Suppose t*a = 180 - 64. Does 16 divide a?
False
Let a(j) = j**2 + 2*j - 3. Let l be a(-3). Let n(w) = -w + 4. Is 4 a factor of n(l)?
True
Let s be ((-4)/(-5))/((-4)/290). Let w = s + 97. Is w a multiple of 13?
True
Let k(w) = 2*w**2 - w - 1. Let n be k(-1). Suppose -4*s - u = -17, n*u + 10 = s + 2*s. Is 17 a factor of 158/s + 3/2?
False
Let x = -3 - -15. Suppose -g + 27 + x = 0. Is g a multiple of 13?
True
Let a be (1 - -2) + 2 - 1. Suppose c - a*h = 17, -5*c - 3*h + 16 = -0*h. Suppose c*o = 3*o + 64. Does 13 divide o?
False
Let i = 30 + -10. Suppose -4*o + 4 = -i. Is 12 a factor of o/(-4)*248/(-12)?
False
Suppose -2*v + 22 = -62. Is v a multiple of 12?
False
Let l = 6 + -8. Let s = 6 + l. Suppose -s*a = -7*a + 15. Is 4 a factor of a?
False
Let s = 175 + -118. Is 10 a factor of s?
False
Let t(m) = -m + 6. Let a be t(9). Let f = 79 + a. Is f a multiple of 19?
True
Suppose 3*p - 8 - 61 = 0. Does 11 divide p?
False
Let d be 6/(-15) + (-1416)/10. Let j = -100 - d. Does 14 divide j?
True
Let h = 34 + -22. Does 4 divide h?
True
Suppose -116 = -4*c + 4*k, -2*c - 3 = -k - 61. Let r = 41 - c. Does 4 divide r?
True
Suppose -3*o + 1077 = 372. Is 59 a factor of o?
False
Let u be -1 + 4 + 0 + -100. Let p = u + 141. Is p a multiple of 22?
True
Let b be -2 - (9/(-3) + -3). Suppose b*x = -x - 40. Is ((-15)/(-4))/((-2)/x) a multiple of 5?
True
Does 14 divide 0/(-6) - 104/(-2)?
False
Suppose 14*x = 8*x + 498. Does 9 divide x?
False
Let d(f) = 3*f - 4. Let n be d(3). Suppose -2*x + 12 + 28 = -4*g, x + n*g = 13. Suppose 0*a - 3*a = -x. Does 6 divide a?
True
Suppose 7*v - 34 = 6*v. Does 12 divide v?
False
Let d = 15 + -22. Let s = d + 21. Is 8 a factor of s?
False
Let y = 25 - 16. Is 2 a factor of y?
False
Let a = 150 - 101. Does 6 divide a?
False
Suppose 0 = -0*b + 3*b - 12. Suppose 3*o = -y + 53, 7*y - 2*y + b*o = 309. Suppose k = -3*d + 5*k + 30, -4*d + y = 3*k. Is d a multiple of 7?
True
Let x(o) = -7*o - 2. Suppose -79 = -i - 4*i - 2*s, -5*i + 83 = 4*s. Suppose -2*n - 2*j + 3 - i = 0, 4 = 2*n - 2*j. Is 6 a factor of x(n)?
True
Suppose s + 5*v - 61 = 65, 0 = -5*s - 4*v + 525. Suppose -5 - 130 = -5*c + 3*w, s = 4*c - w. Does 14 divide c?
False
Suppose -4*z + 36 = -92. Is z a multiple of 12?
False
Suppose -3*a + x = -551, -4*a - 146 = x - 869. Does 14 divide a?
True
Is 3 a factor of (-10)/(-20)*(-16)/(-2)?
False
Let u = -21 - -23. Suppose u*w - 40 = -2. Is 8 a factor of w?
False
Let a be (-43)/(-3) + 4/6. Does 4 divide ((-64)/20)/((-6)/a)?
True
Let t(l) = l**3 + 9*l**2 + l - 1. Does 15 divide t(-4)?
True
Let v(x) = 10*x. Let k be v(1). Let z be k/4*14/1. Does 5 divide ((-100)/z)/(4/(-14))?
True
Suppose 16 = -y + 61. Does 2 divide y?
False
Suppose -7*w + 60 = -2*w. Does 11 divide 1/4 - (-129)/w?
True
Suppose 0 = -2*n + z - 127, 0 = 5*n - 0*n - 3*z + 315. Let v = -40 - n. Is 13 a factor of v?
True
Let b(q) = -q**3 + 15*q**2 - q + 25. Does 10 divide b(15)?
True
Suppose 3 + 1 = -4*a. Is 32 a factor of -54*((-4)/(-3))/a?
False
Let g = -20 + 11. Let f(x) = -x**3 - 12*x**2 + 4*x + 15. Let i(n) = 3*n**3 + 35*n**2 - 11*n - 44. Let o(k) = -8*f(k) - 3*i(k). Is 3 a factor of o(g)?
True
Let a = -71 - -110. Let l = -15 + a. Does 5 divide l?
False
Suppose 4*n + 2 = 4*a - 6, 0 = 5*a + 4*n - 10. Let c = 0 + a. Suppose -5*i - c = y - 20, -3*y + 5*i = -94. Is y a multiple of 13?
False
Let k(z) = z**2 + 2*z - 6. Let t be k(-6). Let i be 10/3*t/(-4). Does 10 divide (-3)/(9/2)*i?
True
Suppose -2*c - 3 = 3. Let z be 10/15 + (-7)/c. Suppose -2*p - 26 = -z*p. Is 13 a factor of p?
True
Suppose -3*g + 4 = -8. Let j(r) = -19*r + 2. Let a be j(g). Is 9 a factor of a/(-6) + (-3)/9?
False
Suppose 2*j = 35 + 9. Let o = 34 - j. Is (o/(-10))/(6/(-75)) a multiple of 15?
True
Let a(j) = 2*j**2 + 11*j. Is a(-9) a multiple of 7?
True
Suppose 5*j = 3*j + 28. Suppose 2*f + 60 = 3*b, -3*b + 83 = -5*f + j. Does 9 divide b?
True
Let f(o) = -12*o - 1. Suppose 5*v = -z + 5*z + 15, -4*z = 3*v + 23. Let h be f(v). Let c = 14 - h. Is 3 a factor of c?
True
Let d(b) = b**2 + 5*b. Let g be d(-6). Suppose -g*q + 3*q + 24 = 0. Suppose -q*k + 24 = -4*k. Is k a multiple of 6?
True
Suppose 3*q + 2*p = 56, 7 + 5 = q + 4*p. Is q a multiple of 5?
True
Let o(c) = 2*c**2 + 3*c - 4. Let i be o(-3). Does 10 divide (-20)/(2*(-1)/i)?
True
Let w(o) = -o**2 - o + 2. Let n be w(0). Suppose 0 = -5*d + 6 + 4. Suppose -3*i = d*k - 21, n*i + 2 = k - 19. Is 15 a factor of k?
True
Let y = 128 - 64. Is 16 a factor of y?
True
Let v = 74 + -49. Does 5 divide v?
True
Suppose -3*k - 17 = 3*p + 7, 3 = 3*p. Let r = k - -26. Is r a multiple of 17?
True
Suppose 3*b = o - 23, -4*b = o + 6 + 6. Does 5 divide o?
False
Is (-3)/(-12) - (-321)/12 a multiple of 9?
True
Does 15 divide 70/(-30)*(0 + -45)?
True
Suppose 3*h = 7*h - 32. Suppose -2*y = s - h, y + 3*y - 18 = -3*s. Is (-140)/(-6) - s/6 a multiple of 7?
False
Suppose -2*s = -5*m + 100, -m - m - 3*s + 59 = 0. Let n 